hat is the value of -7 + 18 + -7 + 5?
9
What is the value of -12 - 11 - -36 - -2?
15
Calculate (-1 - -14) + (36 - (6 - -33)).
10
What is the value of (18 - 8) + 47 + -41?
16
Evaluate 7 + 7 + -23 + 9 + (0 - 9).
-9
What is the value of -33 - (-12 + 40 + -40)?
-21
What is (25 - 4) + -49 + 42?
14
What is the value of (5 - 13 - (-32 - -24)) + 7?
7
What is the value of -36 - ((21 - 32) + -6)?
-19
What is the value of -100 - -106 - (1 + -3 + 24)?
-16
What is 11 - (-4 - ((-1 - 2) + 7 + -12))?
7
Calculate (-3 - (-14 + -16)) + -12.
15
Calculate -6 + -1 + 4 + 3 - 4.
-4
-25 - (0 + -1 - 16)
-8
What is -15 - (-11 - 1 - (-8 + -3 - -5))?
-9
Evaluate 11 + -10 + 3 + -6 + 11 + -5.
4
What is the value of 8 + 5 + (-31 - (-9 + 1))?
-10
What is the value of (-32 + (-5 - -14) - -7) + 38?
22
What is (-21 + 3 - (-14 - -13)) + 5?
-12
6 + (2 - 9) - (-10 - -14)
-5
Calculate -5 - (-2 - (17 - 9)).
5
Calculate -14 - (7 + (-18 + 7 - 21)).
11
What is -15 + -1 + 6 - (-16 + -5)?
11
What is the value of 15 + (2 - 10 - (16 - 21)) + -1?
11
What is 5 - -3 - 13 - -7?
2
Evaluate 26 - (-10 - -12) - 15.
9
What is -216 + 218 + 4 + 6?
12
What is (5 - 2) + (4 - 21 - -7)?
-7
What is 32 - (2 + -9 + 9)?
30
Calculate -13 - (-30 - (-28 - -19)).
8
What is the value of (1 - 17) + 0 + 11 + (1 - 8)?
-12
What is the value of (14 - -1) + (-9 - 0) - 8?
-2
(3 - 2) + -1 + -14 - (28 - 33)
-9
Calculate -47 - -10 - (12 + -32).
-17
What is the value of -10 + 9 + (22 - 10)?
11
Calculate -47 - -7 - -75 - 48.
-13
Evaluate 0 + -15 - (-51 - -58 - 44).
22
What is the value of -7 + -7 + 0 - -24?
10
0 + -10 + (19 - 9)
0
Calculate 10 + (-13 - (-30 - -20)).
7
Evaluate (-16 - (-5 - 11)) + -2 + 12 - -30.
40
Calculate -3 - 3 - (-9 - (-12 + -3)).
-12
Calculate 1 - 7 - (11 - 1 - (-42 + 77)).
19
What is 1 + (-4 - -11) + -9?
-1
What is 3 - -4 - (20 - (2 + -4))?
-15
(2 - -2) + -5 + (24 - 54) + 7
-24
(-1 - 11) + -13 + 9 + 6
-10
What is (-18 - -9) + 37 - 25?
3
Calculate (40 - (12 + 20)) + 24.
32
Calculate -113 + 105 + (-1 - (-8 - 0)).
-1
Calculate -15 + (2 + -16 - -38).
9
Calculate -7 - (36 + -37) - (-11 - (1 + 1)).
7
Evaluate -3 - 0 - (-110 + 113).
-6
Evaluate 5 + -11 + -3 - ((1 - 0) + -5).
-5
Evaluate 8 + (-5 - (-7 + 4)) - (16 + 2).
-12
Calculate 11 - (-4 - (-1 - 6)).
8
What is the value of -15 - (-20 + -21 - -32)?
-6
What is -22 - (-2 + 0 + (-7 - (26 + -30)))?
-17
Calculate 11 + 0 - (40 - (-1 + 2)) - -9.
-19
Calculate -16 + (5 - -6 - 8) + 2 + -8.
-19
6 + 8 + (1 - 10 - 8)
-3
Evaluate (-18 - -1) + (-1 - -2) - (-329 + 322).
-9
Evaluate -5 + 18 + (25 - 50) - (-1 + -1).
-10
(-2 - 2) + (13 - -1) + -2
8
What is -2 + (-1 - 8) - -2?
-9
Calculate 2 + 8 + (-2 - -1) + (-467 - -460).
2
Calculate 3 + (0 - 3) + -2 + 7 + 5.
10
Calculate (9 + -5 - -3) + 4 - -5.
16
Calculate 32 + -20 - (-2 - (-10 + -1 + 4)).
7
What is (1 - -1) + -1 - (40 + -47) - -11?
19
What is 3 + -31 + (-338 - -357)?
-9
What is the value of -1 - -32 - (327 + -273)?
-23
What is 8 + ((-10 - -15) + 0 - 12)?
1
Calculate 25 + -1 - (-10 - 14 - -17).
31
Evaluate 6 + (1 - 0 - (30 - 24)) + 13.
14
What is the value of 5 + 3 - (-3 + -4 + 6 + 3)?
6
7 + ((2 - -5) + -13 - 12)
-11
Evaluate -4 - ((-7 - -30) + -10).
-17
Evaluate 29 - (51 - 37) - -12.
27
What is the value of 0 + 1 - (389 + -401) - 34?
-21
What is the value of 29 - 28 - ((-5 - 4) + 1) - 25?
-16
33 - (13 - (6 + (-9 - -14)))
31
Evaluate (21 - (22 - -17)) + 0.
-18
What is 13 + -3 + -6 + 1?
5
What is 12 + -5 + (-7 - -8 - -10)?
18
Evaluate -3 + (-9 - 5 - -47 - 4).
26
Calculate -9 + (2 - (7 - -4)) + 9.
-9
What is the value of 16 - (28 + -34 - -43)?
-21
What is the value of (16 - -9) + 6 + (-9 - (-11 + 6))?
27
What is the value of 4 + -10 + (4 - 2 - (0 - 2))?
-2
(-8 - (-3 + (0 - -1))) + -9 + 12
-3
What is the value of (7 - ((0 - 1) + -7 + 9)) + -3?
3
Evaluate -14 + 16 + (11 - -7) + -9.
11
What is 0 - (-13 + 19 + 1) - (-30 + 3)?
20
Calculate -6 + -4 + 0 + 18.
8
Evaluate 1 - (-12 + 13 + -10).
10
Evaluate -80 + 70 - (6 + 10).
-26
Calculate -6 + -18 + 4 + (-9 - -17).
-12
What is the value of (6 - 9 - 3) + 3 - (2 - -4)?
-9
Calculate -39 + -4 + 5 - -23.
-15
Evaluate 15 - (15 + (18 - 4 - 20)).
6
What is the value of (-9 + 3 - 4) + (-22 - -39)?
7
Evaluate -4 - (10 + -8 + 13 + -6 + 7).
-20
What is (-9 - (-7 + 12)) + 1?
-13
Evaluate -7 - (-36 - -12) - (1 + 2 + -1).
15
What is the value of -25 - (33 + -80 - -29)?
-7
Evaluate 2 + -3 + -2 + -11 + 0 + 11.
-3
What is the value of 11 - (-2 + (-1 + -8 - (16 + -36)))?
2
Evaluate -2 - ((8 - 1) + -16).
7
What is (0 - (5 - (-2 + 3))) + -1 - -13?
8
Calculate 3 - 1 - 8 - (-45 - (8 - 16)).
31
What is the value of -3 - (-2 + 1 + (-10 - -5) + -11)?
14
-7 - ((-9 - -4) + 12 - 18)
4
Evaluate 27 - (14 - (16 - 8)).
21
What is the value of 31 + -49 + 41 + -10 + 0?
13
Calculate -11 - (8 - ((-71 - -86) + (-1 - 6))).
-11
Evaluate -2 + (8 + 2 - 19 - -19).
8
(-37 - (74 + -124)) + (-30 - -1)
-16
(40 + -32 - -3) + (4 - -1)
16
Calculate (4 - 14) + (-16 - -8 - (-44 + -2)).
28
What is (-16 + -3 - -8) + -1 + 4 + -24?
-32
(-81 - -40) + (1 - -40)
0
What is 0 + (-10 - 9) - -10?
-9
What is 17 + -2 - (20 + -18 + 7)?
6
Calculate -41 + 60 + -2 + -7 + 0.
10
What is the value of -9 - (4 - (3 + 10 + 14))?
14
Evaluate -8 - (21 - 1) - (-6 + -3).
-19
11 - -12 - 27 - (-1 + 5)
-8
What is (38 - 40 - (8 - 2)) + 10?
2
What is (-10 - ((-11 - -31) + -45)) + -6?
9
Evaluate 12 - (-5 - -16) - ((-2 - 2) + -1).
6
(6 - (-8 + -31 + 13)) + 2 + -1
33
Calculate 5 - (4 + (30 - (-2 - (-10 + 9)))).
-30
Evaluate 4 - (-5 + (-9 - -10 - 9)).
17
9 + -14 + (-3 + -5 - -1)
-12
5 + 8 + -9 + 12
16
-87 - -89 - (4 + (-1 - (-10 - -2)))
-9
What is 0 - (4 + (29 - 20))?
-13
-3 - 7 - (-22 - -2)
10
Calculate -12 + 37 + (-21 - -16).
20
What is the value of -2 + -10 + (4 - -3) + -12 + 8?
-9
What is the value of (-15 - -20) + 9 + -1?
13
Evaluate 14 - ((0 - 5) + 15 - 0) - 3.
1
32 + -22 - (-7 - 3)
20
Evaluate (1 - 3) + -147 + 140 + 28.
19
What is the value of -3 - -1 - (-9 + (23 - 1)) - -2?
-13
Calculate 4 + 18 + 0 + (16 - 26).
12
Evaluate -5 + 10 + 10 + -46 + 38.
7
What is the value of 5 + (0 + -3 - 11)?
-9
What is -155 - -152 - (0 - (8 + 0))?
5
Calculate -7 - ((-3 - -5 - 5) + -1 + 10).
-13
-1 + (0 - -5 - (-10 + 1 + -5))
18
Calculate (-3 - 2) + 14 + (-13 - (13 - 5)).
-12
14 - (-13 + -1 + 8)
20
-17 + 32 + -25 + 14
4
(10 - -1) + (0 - -1 - 13) + 6
5
What is the value of 7 - 0 - ((10 + 1 - 11) + 26)?
-19
What is the value of -6 - (-2 + (0 - 0) - -5)?
-9
What is 0 - -11 - (-79 - -81) - 16?
-7
Calculate -19 + -25 - -5 - -35.
-4
9 + (-2 - -4 - (5 - -1))
5
What is the value of 17 - (31 + -36 + 20)?
2
What is the value of (36 - -15) + -41 - (35 + 0)?
-25
What is 6 - 0 - ((-3 - (4 - 8)) + -4)?
9
Evaluate 80 - 45 - (-3 + 29).
9
4 - (-22 - -22) - (1 - 19) - 7
15
(6 - 1) + 29 + -11 + 3 + -8
18
Evaluate -4 + -4 + (-1 - -3) - (166 - 187).
15
-12 + 8 + 22 + -11 - 22
-15
26 + -20 + -18 - -3
-9
What is the value of -22 + 31 + -11 - -4?
2
Calculate 100 + -100 + (15 - 0).
15
Calculate -1 + (-2 - 0 - -10 - 27).
-20
What is the value of 26 - 20 - (-24 + 3)?
27
What is the value of 6 + (-7 - 5) + 12 - -2?
8
Evaluate ((24 - 14) + -8 - 22) + -14.
-34
Calculate 18 - (16 - -16) - -1.
-13
What is 1 + (-41 - -12) - -29?
1
-2 - (7 + (-14 - -3) - -6)
-4
What is 4 - 22 - (-327 - -286)?
23
Calculate -22 - (22 - 65) - 15.
6
What is (-2 + -31 - (-117 + 99)) + 6?
-9
Calculate 6 - (15 - (-2 + (-15 - -9))).
-17
Calculate 10 + 0 - (-13 - -20 - (-42 + 39)).
0
(-57 - (4 + -30)) + 34
3
What is 10 + -7 + (3 - 4)?
2
What is the value of -4 - -7 - (-3 + 7) - -3 - -12?
14
What is the value of -14 - -2 - (1 + -4) - -4 - 0?
-5
What is 16 + -18 + (16 - 3)?
11
What is (-83 - -29 - -68) + -13 + 0?
1
Evaluate -6 + 27 + (-11 + (0 - -6) - 3).
13
Calculate -6 + (-4 - 7) - (-1 + 0).
-16
What is 15 + -2 + -18 - (2 + -8)?
1
What is (28 - 62) + (-7 - -4 - -8) + -4?
-33
Calculate 4 - (-11 + -7 - -10).
12
3 - (28 - 21 - 0)
-4
What is the value of -2 + 22 + -9 + -1 + (236 - 222)?
24
What is the value of 32 - (17 - (12 + -6 - -13))?
34
Calculate -10 - (-4 - 22) - 17.
-1
What is the value of (7 - 10) + 13 + -11 - 0?
-1
Calculate 10 - 0 - (-42 - -45).
7
Calculate 13 + (-25 - -50 - 18).
20
What is the value of (5 - (-16 - -10)) + -19?
-8
Evaluate 7 - (-24 + 13 - -26).
-8
21 + -21 + -6 - (-1 + -12)
7
Evaluate 18 + -16 + 0 + 3 + -6.
-1
Ca